{"id":1118,"date":"2020-03-28T18:54:52","date_gmt":"2020-03-28T17:54:52","guid":{"rendered":"http:\/\/www.vyrhelle.com\/blog\/?page_id=1118"},"modified":"2025-11-10T18:18:39","modified_gmt":"2025-11-10T17:18:39","slug":"lunaires","status":"publish","type":"page","link":"https:\/\/www.vyrhelle.com\/arcea\/bonus\/peuples\/lunaires\/","title":{"rendered":"Les Elfes Lunaires"},"content":{"rendered":"<p style=\"text-align: justify;\"><strong>Terres d&rsquo;origine<\/strong> : Le royaume des Nuits \u00c9ternelles \u00e0 Varen&rsquo;ka<br \/><strong>Taille moyenne<\/strong> : homme : 1,80 m &#8211; femme : 1,70m<br \/><strong>Langue<\/strong> : l&rsquo;elfique commun<br \/><strong>Cheveux<\/strong> : sombres ou blancs (plus rare)<br \/><strong>Peau<\/strong> : claire l\u00e9g\u00e8rement gris\u00e9e<br \/><strong>Yeux<\/strong> : bleus ou verts avec un reflet particuli\u00e8rement lumineux dans la p\u00e9nombre ou la nuit<\/p>\n<p style=\"text-align: justify;\">Les elfes lunaires incarnent la branche elfique la plus renferm\u00e9e sur elle-m\u00eame. Plus sensibles que les autres \u00e0 la lumi\u00e8re du soleil et \u00e0 la chaleur, ils vivent principalement la nuit et dorment le jour, m\u00eame si leur cit\u00e9 principale, Elad\u00e4m, est active d\u00e8s le d\u00e9but d&rsquo;apr\u00e8s-midi. Ils sont aussi tr\u00e8s proches de la for\u00eat qui couvre la quasi totalit\u00e9 de leur royaume, une for\u00eat \u00e9paisse et sombre \u00e0 l&rsquo;ombre de laquelle ils appr\u00e9cient d&rsquo;\u00e9voluer. Il existe d&rsquo;ailleurs une grande communaut\u00e9 de druides chez les elfes lunaires, et les animaux ont une place privil\u00e9gi\u00e9e dans chaque foyer lunaire.<\/p>\n<p style=\"text-align: justify;\">Parmi les plus petits des elfes que l&rsquo;on peut croiser en g\u00e9n\u00e9ral, les elfes lunaires affichent une peau plus grise, mais surtout un regard unique en son genre d\u00e8s que la luminosit\u00e9 d&rsquo;un lieu d\u00e9cline : le blanc de leurs yeux devient plus lumineux et leur pupille se transforme alors en un v\u00e9ritable miroir \u00e0 la moindre source de lumi\u00e8re. Ajout\u00e9 \u00e0 cela leur chevelure peu color\u00e9e, leur habitude \u00e0 ne se v\u00eatir que de blanc, gris ou bleu, les elfes lunaires sont facilement reconnaissables. C&rsquo;est peut-\u00eatre ce qui alimente une x\u00e9nophobie latente chez certains d&rsquo;entre eux. Les elfes lunaires restent malgr\u00e9 tout un peuple raffin\u00e9, riche et savant, bien que r\u00e9serv\u00e9. Pourtant, il n&rsquo;est pas rare de croiser des elfes lunaires \u00e0 Varen&rsquo;ka ou m\u00eame en Aekkylinie. Bardes, commer\u00e7ants, mercenaires ou artisans lunaires sont nombreux \u00e0 arpenter les routes des deux plus gros continents d&rsquo;Arcea et sillonner la Mer Centrale qui les s\u00e9pare. Cependant, une grande majorit\u00e9 ne s&rsquo;installe jamais, sinon pour retourner \u00e0 leur terre d&rsquo;origine.<\/p>\n<p style=\"text-align: justify;\">\u00a0Sur les terres lunaires, les elfes vivent sous la f\u00e9rule d&rsquo;un royaume matriarcal \u00e0 la t\u00eate duquel se trouvent une reine et une grande-pr\u00eatresse, souvent s\u0153urs. Politique et religion y sont intimement m\u00eal\u00e9s pour une soci\u00e9t\u00e9 enti\u00e8rement d\u00e9vou\u00e9e \u00e0 la d\u00e9esse lunaire Ylia. Les pr\u00eatresses du temple d&rsquo;Elad\u00e4m sont d&rsquo;ailleurs, apr\u00e8s la famille r\u00e9gnante, parmi les elfes lunaires les plus respect\u00e9es et craintes de toute la for\u00eat des Nuits \u00c9ternelles, voire au-del\u00e0 des fronti\u00e8res lunaires, car il est courant de voir des gens de toutes origines venir au temple d&rsquo;Ylia pour les consulter et avoir des r\u00e9ponses ou des pr\u00e9sages, par le biais de leurs visions et de leurs r\u00eaves.<\/p>\n<p style=\"text-align: justify;\">Si la soci\u00e9t\u00e9 lunaire est matriarcale, elle n&rsquo;a cependant rien \u00e0 voir avec celle des elfes d&rsquo;ombre. Les hommes sont respect\u00e9s \u00e0 la hauteur de leur m\u00e9rite, statut social ou politique, et certains occupent des postes tr\u00e8s importants. C&rsquo;est, par exemple, le prince consort du royaume qui dirige et g\u00e8re les druides de tout le territoire, et les hommes sont majoritaires parmi les conseillers de la reine. En sch\u00e9matisant grossi\u00e8rement, la politique pratique une large parit\u00e9, mais la branche religieuse de la soci\u00e9t\u00e9 lunaire reste f\u00e9minine.<\/p>\n<p style=\"text-align: justify;\">Autres particularit\u00e9s toutes lunaires, les tatouages et la pudeur. Tr\u00e8s \u00e0 cheval sur la nudit\u00e9, les elfes lunaires ne se d\u00e9voilent qu&rsquo;en priv\u00e9 et s&rsquo;habillent tous de v\u00eatements tr\u00e8s couvrants. En fait, ils sont pudiques jusque dans leurs m\u0153urs. Ainsi, toute relation sexuelle avant le mariage est proscrite, voire punie par le bannissement, et les crimes de nature sexuelle sont punis de mort. Quant aux tatouages, v\u00e9ritables repr\u00e9sentations du statut social de chacun, ils les re\u00e7oivent tous avant leur majorit\u00e9. Leur forme et leurs couleurs ne sont pas anodines et s&rsquo;affichent sur toutes les parties du corps, avec toujours au moins une partie clairement visible sur le visage, les mains ou les bras. Leurs formes sont principalement de deux types, soit totalement abstraites, soit d&rsquo;inspirations animales, reflet du caract\u00e8re du porteur. Leurs couleurs sont un code clair de leur statut marital : le bleu clair pour les c\u00e9libataires, le violet pour les fianc\u00e9s, un violet plus fonc\u00e9 comprenant une forme circulaire visible pour les mari\u00e9s et le noir pour les personnes en deuil.<\/p>\n<p style=\"text-align: justify;\">Il existe aussi des \u00ab\u00a0tatouages\u00a0\u00bb blancs, mais ce sont des marques qui apparaissent spontan\u00e9ment chez certaines jeunes filles bien avant leur pubert\u00e9 : on les appelle la marque d&rsquo;Ylia et sont les marques distinctives des pr\u00eatresses choisies par la d\u00e9esse de la lune.<\/p>\n\n<div class=\"wp-block-image\">\n<figure class=\"aligncenter size-full\"><img data-recalc-dims=\"1\" loading=\"lazy\" decoding=\"async\" width=\"50\" height=\"52\" src=\"https:\/\/i0.wp.com\/www.vyrhelle.com\/arcea\/wp-content\/uploads\/2020\/03\/celtic_knot_titre.png?resize=50%2C52&#038;ssl=1\" alt=\"\" class=\"wp-image-310\"\/><\/figure>\n<\/div>","protected":false},"excerpt":{"rendered":"<p>Terres d&rsquo;origine : Le royaume des Nuits \u00c9ternelles \u00e0 Varen&rsquo;kaTaille moyenne : homme : 1,80 m &#8211; femme : 1,70mLangue : l&rsquo;elfique communCheveux : sombres ou blancs (plus rare)Peau : claire l\u00e9g\u00e8rement gris\u00e9eYeux : bleus ou verts avec un reflet particuli\u00e8rement lumineux dans la p\u00e9nombre ou la nuit Les elfes lunaires incarnent la branche elfique [&hellip;]<\/p>\n","protected":false},"author":1,"featured_media":0,"parent":37,"menu_order":2,"comment_status":"closed","ping_status":"closed","template":"template-fullwidth.php","meta":{"jetpack_post_was_ever_published":false,"footnotes":""},"class_list":["post-1118","page","type-page","status-publish","hentry","post-preview"],"jetpack_sharing_enabled":true,"jetpack_likes_enabled":false,"_links":{"self":[{"href":"https:\/\/www.vyrhelle.com\/arcea\/wp-json\/wp\/v2\/pages\/1118","targetHints":{"allow":["GET"]}}],"collection":[{"href":"https:\/\/www.vyrhelle.com\/arcea\/wp-json\/wp\/v2\/pages"}],"about":[{"href":"https:\/\/www.vyrhelle.com\/arcea\/wp-json\/wp\/v2\/types\/page"}],"author":[{"embeddable":true,"href":"https:\/\/www.vyrhelle.com\/arcea\/wp-json\/wp\/v2\/users\/1"}],"replies":[{"embeddable":true,"href":"https:\/\/www.vyrhelle.com\/arcea\/wp-json\/wp\/v2\/comments?post=1118"}],"version-history":[{"count":6,"href":"https:\/\/www.vyrhelle.com\/arcea\/wp-json\/wp\/v2\/pages\/1118\/revisions"}],"predecessor-version":[{"id":3254,"href":"https:\/\/www.vyrhelle.com\/arcea\/wp-json\/wp\/v2\/pages\/1118\/revisions\/3254"}],"up":[{"embeddable":true,"href":"https:\/\/www.vyrhelle.com\/arcea\/wp-json\/wp\/v2\/pages\/37"}],"wp:attachment":[{"href":"https:\/\/www.vyrhelle.com\/arcea\/wp-json\/wp\/v2\/media?parent=1118"}],"curies":[{"name":"wp","href":"https:\/\/api.w.org\/{rel}","templated":true}]}}