{"id":1123,"date":"2020-03-28T18:56:44","date_gmt":"2020-03-28T17:56:44","guid":{"rendered":"http:\/\/www.vyrhelle.com\/blog\/?page_id=1123"},"modified":"2025-11-10T18:18:39","modified_gmt":"2025-11-10T17:18:39","slug":"polaires","status":"publish","type":"page","link":"https:\/\/www.vyrhelle.com\/arcea\/bonus\/peuples\/polaires\/","title":{"rendered":"Les Elfes Polaires"},"content":{"rendered":"<p style=\"text-align: justify;\"><strong>Terres d&rsquo;origine<\/strong> : Les Terres Glac\u00e9es de B\u00e9orn<br \/><strong>Taille moyenne<\/strong> : homme : 2,30m &#8211; femme : 1,90m<br \/><strong>Langue<\/strong> : l&rsquo;elfique commun<br \/><strong>Cheveux<\/strong> : blancs \u00e0 ch\u00e2tain clair, et quelques rares individus \u00e0 la chevelure noire<br \/><strong>Peau<\/strong> : claire \u00e0 basan\u00e9e<br \/><strong>Yeux<\/strong> : bleus<\/p>\n<p style=\"text-align: justify;\">Dot\u00e9s d&rsquo;une carrure exceptionnelle, les elfes polaires ne passent jamais inaper\u00e7us. Avec plus de deux m\u00e8tres pour les hommes et presque autant chez les femmes, des \u00e9paules larges accentu\u00e9es par des fourrures \u00e9paisses qu&rsquo;ils portent traditionnellement, des chevelures tr\u00e8s longues et des yeux particuli\u00e8rement clairs, quand on en croise un, on s&rsquo;en souvient. Surtout que c&rsquo;est quelque chose d&rsquo;assez rare en dehors de B\u00e9orn, car les elfes polaires tol\u00e8rent mal les climats plus chauds que le leur.<\/p>\n<p style=\"text-align: justify;\">La soci\u00e9t\u00e9 polaire s&rsquo;organise en clans, s\u00e9dentaires uniquement en hiver et migrant sans cesse le reste de l&rsquo;ann\u00e9e. Il n&rsquo;y a pas de ville chez eux, juste des rassemblements \u00e9ph\u00e9m\u00e8res, mais p\u00e9riodiques, comme des march\u00e9s, qui peuvent compter jusqu&rsquo;\u00e0 des milliers de participants. Les solstices et \u00e9quinoxes sont m\u00eame l&rsquo;occasion de f\u00eates gigantesques. Hormis ces quelques jours dans l&rsquo;ann\u00e9e, les elfes polaires sont totalement ind\u00e9pendants, ob\u00e9issants \u00e0 un chef de clan, souvent aussi chef de famille, qui prend les d\u00e9cisions pour les siens. Les plus grands clans comptent une centaine de personnes au maximum. Ce n&rsquo;est que pour les d\u00e9cisions vraiment exceptionnelles et importantes qu&rsquo;un conseil des chefs de clans parmi les plus influents si\u00e8ge parfois au pied d&rsquo;une immense ruine de cristal au c\u0153ur des Terres Glac\u00e9es.<\/p>\n<p style=\"text-align: justify;\">Pi\u00e8tres cavaliers, les elfes polaires sont bien plus \u00e0 l&rsquo;aise dans la marche \u00e0 pied, avec d&rsquo;ailleurs une endurance sans pareille. Un elfe dans la force de l&rsquo;\u00e2ge peut marcher des heures dans le blizzard sans ciller. De toute fa\u00e7on, aucun cheval ne survivrait sous leur latitude et les rennes sont bien trop petits pour eux. Pourtant, on dit que certains clans savent monter les ours, mais c&rsquo;est l\u00e0 plus une rumeur qu&rsquo;un fait av\u00e9r\u00e9.<\/p>\n<p style=\"text-align: justify;\">De par leur mode de vie nomade, les elfes polaires vivent de ce que leur offrent les maigres ressources de leur pays. Chasse, p\u00eache ou \u00e9levage, ils s&rsquo;adaptent en fonction des lieux o\u00f9 ils se trouvent et du climat, et sont devenus des ma\u00eetres en mati\u00e8re de survie. Quelques clans ont d&rsquo;ailleurs pris le parti d&rsquo;exploiter cet avantage et proposent leurs talents en tant que guides pour les humains d&rsquo;Orlu\u00e4n, qui viennent parfois jusque sur les Terres Glac\u00e9es pour chasser. Ils sont d&rsquo;autant plus appr\u00e9ci\u00e9s que les elfes polaires sont tous des gens chaleureux et ouverts, toujours optimistes et volontaires.<\/p>\n<p style=\"text-align: justify;\">Certains elfes dans les clans ont cependant un statut \u00e0 part, hormis le chef : les magiciens. Rares et affichant deux crocs noirs tatou\u00e9s sous les yeux, ils sont \u00e0 la fois encens\u00e9s et craints. Les magiciens sont des enfants g\u00e9n\u00e9ralement plus ch\u00e9tifs, n\u00e9s avec des pr\u00e9dispositions \u00e9videntes \u00e0 manipuler les flux de la magie. D\u00e9couverts par un sortil\u00e8ge r\u00e9alis\u00e9 de mani\u00e8re inn\u00e9e, ce sont le ou les magiciens du clan qui prennent alors en charge l&rsquo;enfant. Ils lui apprennent les arts secrets de la magie arcanique, mais aussi et surtout ceux de la magie wingie. Lors de cette longue formation, l&rsquo;apprenti quitte rapidement sa famille pour voyager avec son ma\u00eetre de clan en clan afin de parfaire ses connaissances.<\/p>\n<p style=\"text-align: justify;\">Malgr\u00e9 leur r\u00e9putation plut\u00f4t positive aupr\u00e8s des autres populations, les elfes polaires ne sont h\u00e9las pas \u00e9pargn\u00e9s par la violence et les crimes. Tous savent manipuler les armes, car on meurt plus souvent d&rsquo;une fiert\u00e9 froiss\u00e9e que d&rsquo;une attaque de b\u00eate sauvage. Il arrive que des clans complets en viennent \u00e0 s&rsquo;affronter, souvent pour des probl\u00e8mes familiaux : la succession d&rsquo;un chef de clan, un mariage annul\u00e9, un viol, un adult\u00e8re ou un simple vol de b\u00e9tail. Et il n&rsquo;est pas si rare de voir dispara\u00eetre un clan entier dans un bain de sang.<\/p>\n<p style=\"text-align: justify;\">Les elfes polaires restent un peuple isol\u00e9 et mal reconnu, que plusieurs peuplades voient comme des demi-sauvages sans culture : les gens qui viennent jusque sur B\u00e9orn ne sont d\u00e9j\u00e0 pas l\u00e9gion, mais sont encore moins nombreux \u00e0 abandonner le port d&rsquo;Orlu\u00e4n pour s&rsquo;aventurer dans les plaines enneig\u00e9es. De plus, avec une facilit\u00e9 d&rsquo;adaptation qui leur est propre, les rares elfes polaires qui partent pour le sud se fondent dans la culture des lieux o\u00f9 ils se trouvent. Il en r\u00e9sulte cette m\u00e9connaissance g\u00e9n\u00e9rale du monde pour les elfes polaires, qui eux, n&rsquo;en font pas grand cas.<\/p>\n\n<div class=\"wp-block-image\">\n<figure class=\"aligncenter size-full\"><img data-recalc-dims=\"1\" loading=\"lazy\" decoding=\"async\" width=\"50\" height=\"52\" src=\"https:\/\/i0.wp.com\/www.vyrhelle.com\/arcea\/wp-content\/uploads\/2020\/03\/celtic_knot_titre.png?resize=50%2C52&#038;ssl=1\" alt=\"\" class=\"wp-image-310\"\/><\/figure>\n<\/div>","protected":false},"excerpt":{"rendered":"<p>Terres d&rsquo;origine : Les Terres Glac\u00e9es de B\u00e9ornTaille moyenne : homme : 2,30m &#8211; femme : 1,90mLangue : l&rsquo;elfique communCheveux : blancs \u00e0 ch\u00e2tain clair, et quelques rares individus \u00e0 la chevelure noirePeau : claire \u00e0 basan\u00e9eYeux : bleus Dot\u00e9s d&rsquo;une carrure exceptionnelle, les elfes polaires ne passent jamais inaper\u00e7us. Avec plus de deux m\u00e8tres [&hellip;]<\/p>\n","protected":false},"author":1,"featured_media":0,"parent":37,"menu_order":3,"comment_status":"closed","ping_status":"closed","template":"template-fullwidth.php","meta":{"jetpack_post_was_ever_published":false,"footnotes":""},"class_list":["post-1123","page","type-page","status-publish","hentry","post-preview"],"jetpack_sharing_enabled":true,"jetpack_likes_enabled":false,"_links":{"self":[{"href":"https:\/\/www.vyrhelle.com\/arcea\/wp-json\/wp\/v2\/pages\/1123","targetHints":{"allow":["GET"]}}],"collection":[{"href":"https:\/\/www.vyrhelle.com\/arcea\/wp-json\/wp\/v2\/pages"}],"about":[{"href":"https:\/\/www.vyrhelle.com\/arcea\/wp-json\/wp\/v2\/types\/page"}],"author":[{"embeddable":true,"href":"https:\/\/www.vyrhelle.com\/arcea\/wp-json\/wp\/v2\/users\/1"}],"replies":[{"embeddable":true,"href":"https:\/\/www.vyrhelle.com\/arcea\/wp-json\/wp\/v2\/comments?post=1123"}],"version-history":[{"count":6,"href":"https:\/\/www.vyrhelle.com\/arcea\/wp-json\/wp\/v2\/pages\/1123\/revisions"}],"predecessor-version":[{"id":3258,"href":"https:\/\/www.vyrhelle.com\/arcea\/wp-json\/wp\/v2\/pages\/1123\/revisions\/3258"}],"up":[{"embeddable":true,"href":"https:\/\/www.vyrhelle.com\/arcea\/wp-json\/wp\/v2\/pages\/37"}],"wp:attachment":[{"href":"https:\/\/www.vyrhelle.com\/arcea\/wp-json\/wp\/v2\/media?parent=1123"}],"curies":[{"name":"wp","href":"https:\/\/api.w.org\/{rel}","templated":true}]}}

<p style="text-align: justify;"><strong>Terres d&rsquo;origine</strong> : Les Terres Glacées de Béorn<br /><strong>Taille moyenne</strong> : homme : 2,30m &#8211; femme : 1,90m<br /><strong>Langue</strong> : l&rsquo;elfique commun<br /><strong>Cheveux</strong> : blancs à châtain clair, et quelques rares individus à la chevelure noire<br /><strong>Peau</strong> : claire à basanée<br /><strong>Yeux</strong> : bleus</p>
<p style="text-align: justify;">Dotés d&rsquo;une carrure exceptionnelle, les elfes polaires ne passent jamais inaperçus. Avec plus de deux mètres pour les hommes et presque autant chez les femmes, des épaules larges accentuées par des fourrures épaisses qu&rsquo;ils portent traditionnellement, des chevelures très longues et des yeux particulièrement clairs, quand on en croise un, on s&rsquo;en souvient. Surtout que c&rsquo;est quelque chose d&rsquo;assez rare en dehors de Béorn, car les elfes polaires tolèrent mal les climats plus chauds que le leur.</p>
<p style="text-align: justify;">La société polaire s&rsquo;organise en clans, sédentaires uniquement en hiver et migrant sans cesse le reste de l&rsquo;année. Il n&rsquo;y a pas de ville chez eux, juste des rassemblements éphémères, mais périodiques, comme des marchés, qui peuvent compter jusqu&rsquo;à des milliers de participants. Les solstices et équinoxes sont même l&rsquo;occasion de fêtes gigantesques. Hormis ces quelques jours dans l&rsquo;année, les elfes polaires sont totalement indépendants, obéissants à un chef de clan, souvent aussi chef de famille, qui prend les décisions pour les siens. Les plus grands clans comptent une centaine de personnes au maximum. Ce n&rsquo;est que pour les décisions vraiment exceptionnelles et importantes qu&rsquo;un conseil des chefs de clans parmi les plus influents siège parfois au pied d&rsquo;une immense ruine de cristal au cœur des Terres Glacées.</p>
<p style="text-align: justify;">Piètres cavaliers, les elfes polaires sont bien plus à l&rsquo;aise dans la marche à pied, avec d&rsquo;ailleurs une endurance sans pareille. Un elfe dans la force de l&rsquo;âge peut marcher des heures dans le blizzard sans ciller. De toute façon, aucun cheval ne survivrait sous leur latitude et les rennes sont bien trop petits pour eux. Pourtant, on dit que certains clans savent monter les ours, mais c&rsquo;est là plus une rumeur qu&rsquo;un fait avéré.</p>
<p style="text-align: justify;">De par leur mode de vie nomade, les elfes polaires vivent de ce que leur offrent les maigres ressources de leur pays. Chasse, pêche ou élevage, ils s&rsquo;adaptent en fonction des lieux où ils se trouvent et du climat, et sont devenus des maîtres en matière de survie. Quelques clans ont d&rsquo;ailleurs pris le parti d&rsquo;exploiter cet avantage et proposent leurs talents en tant que guides pour les humains d&rsquo;Orluän, qui viennent parfois jusque sur les Terres Glacées pour chasser. Ils sont d&rsquo;autant plus appréciés que les elfes polaires sont tous des gens chaleureux et ouverts, toujours optimistes et volontaires.</p>
<p style="text-align: justify;">Certains elfes dans les clans ont cependant un statut à part, hormis le chef : les magiciens. Rares et affichant deux crocs noirs tatoués sous les yeux, ils sont à la fois encensés et craints. Les magiciens sont des enfants généralement plus chétifs, nés avec des prédispositions évidentes à manipuler les flux de la magie. Découverts par un sortilège réalisé de manière innée, ce sont le ou les magiciens du clan qui prennent alors en charge l&rsquo;enfant. Ils lui apprennent les arts secrets de la magie arcanique, mais aussi et surtout ceux de la magie wingie. Lors de cette longue formation, l&rsquo;apprenti quitte rapidement sa famille pour voyager avec son maître de clan en clan afin de parfaire ses connaissances.</p>
<p style="text-align: justify;">Malgré leur réputation plutôt positive auprès des autres populations, les elfes polaires ne sont hélas pas épargnés par la violence et les crimes. Tous savent manipuler les armes, car on meurt plus souvent d&rsquo;une fierté froissée que d&rsquo;une attaque de bête sauvage. Il arrive que des clans complets en viennent à s&rsquo;affronter, souvent pour des problèmes familiaux : la succession d&rsquo;un chef de clan, un mariage annulé, un viol, un adultère ou un simple vol de bétail. Et il n&rsquo;est pas si rare de voir disparaître un clan entier dans un bain de sang.</p>
<p style="text-align: justify;">Les elfes polaires restent un peuple isolé et mal reconnu, que plusieurs peuplades voient comme des demi-sauvages sans culture : les gens qui viennent jusque sur Béorn ne sont déjà pas légion, mais sont encore moins nombreux à abandonner le port d&rsquo;Orluän pour s&rsquo;aventurer dans les plaines enneigées. De plus, avec une facilité d&rsquo;adaptation qui leur est propre, les rares elfes polaires qui partent pour le sud se fondent dans la culture des lieux où ils se trouvent. Il en résulte cette méconnaissance générale du monde pour les elfes polaires, qui eux, n&rsquo;en font pas grand cas.</p>

<div class="wp-block-image">
<figure class="aligncenter size-full"><img data-recalc-dims="1" loading="lazy" decoding="async" width="50" height="52" src="https://i0.wp.com/www.vyrhelle.com/arcea/wp-content/uploads/2020/03/celtic_knot_titre.png?resize=50%2C52&#038;ssl=1" alt="" class="wp-image-310"/></figure>
</div>

<p>Terres d&rsquo;origine : Les Terres Glacées de BéornTaille moyenne : homme : 2,30m &#8211; femme : 1,90mLangue : l&rsquo;elfique communCheveux : blancs à châtain clair, et quelques rares individus à la chevelure noirePeau : claire à basanéeYeux : bleus Dotés d&rsquo;une carrure exceptionnelle, les elfes polaires ne passent jamais inaperçus. Avec plus de deux mètres [&hellip;]</p>
