{"id":1139,"date":"2020-03-28T19:05:21","date_gmt":"2020-03-28T18:05:21","guid":{"rendered":"http:\/\/www.vyrhelle.com\/blog\/?page_id=1139"},"modified":"2025-11-10T18:18:39","modified_gmt":"2025-11-10T17:18:39","slug":"hauts-elfes","status":"publish","type":"page","link":"https:\/\/www.vyrhelle.com\/arcea\/bonus\/peuples\/hauts-elfes\/","title":{"rendered":"Les Hauts Elfes"},"content":{"rendered":"<p style=\"text-align: justify;\"><strong>Terres d&rsquo;origine<\/strong>\u00a0: La for\u00eat de Y\u00e9lis en Aekkylinie<br \/><strong>Taille moyenne<\/strong>\u00a0: homme : 1,90 m &#8211; femme : 1,70 m<br \/><strong>Langue<\/strong>\u00a0: l&rsquo;elfique commun<br \/><strong>Cheveux<\/strong>\u00a0: blonds tirant parfois sur le roux<br \/><strong>Peau<\/strong>\u00a0: claire voire tr\u00e8s claire<br \/><strong>Yeux<\/strong>\u00a0: bleus ou verts<\/p>\n<p style=\"text-align: justify;\">Les hauts-elfes se consid\u00e8rent comme la branche elfique la plus ancienne d&rsquo;Arcea, et donc, la plus repr\u00e9sentative du peuple elfique. Mais ils sont bien les seuls \u00e0 le penser. De ce fait, les autres elfes ont souvent de lourds a priori sur leurs cousins de Y\u00e9lis. Ils sont consid\u00e9r\u00e9s, souvent \u00e0 tort, comme \u00e9tant arrogants, \u00e9gocentriques et m\u00e9prisants. Si on ne peut pas nier que quelques individus sont ainsi,\u00a0 la grande majorit\u00e9 de ce peuple se contente de faire son petit bonhomme de chemin et, sauf vraie malchance, un \u00e9tranger ne sera jamais mal accueilli.<\/p>\n<p style=\"text-align: justify;\">Les hauts-Elfes sont un peuple particuli\u00e8rement pacifique, aimant bien plus la musique des bardes que celle des armes. Avides de belles choses, ils sont souvent commer\u00e7ants et n\u00e9gociants, quand ils ne sont pas eux-m\u00eames artisans voire artistes. Bijoutier, \u00e9b\u00e9niste, potier, tisserand, peintre, fleuriste ou orf\u00e8vre sont des m\u00e9tiers tr\u00e8s courants et pratiqu\u00e9s aussi bien par les hommes que par les femmes, d&rsquo;apr\u00e8s des savoir-faire transmis de g\u00e9n\u00e9ration en g\u00e9n\u00e9ration. Ce qui fait que l&rsquo;artisanat de Y\u00e9lis est r\u00e9put\u00e9 dans tout Arcea.<\/p>\n<p style=\"text-align: justify;\">Vivant au c\u0153ur de la for\u00eat dans de grandes cit\u00e9s aux hautes pyramides de pierre et aux larges avenues pav\u00e9es, les hauts-elfes sont organis\u00e9s selon un syst\u00e8me f\u00e9odal de principaut\u00e9. Un prince, de la famille des Celebalda, r\u00e8gne sur tout le territoire, et des seigneurs locaux sont charg\u00e9s de prot\u00e9ger la population, faire r\u00e9gner l&rsquo;ordre, r\u00e9colter les imp\u00f4ts et faire appliquer les d\u00e9cisions princi\u00e8res. Toute une noblesse s&rsquo;est aussi d\u00e9velopp\u00e9e autour d&rsquo;un syst\u00e8me complexe de castes tr\u00e8s ferm\u00e9es. On ne peut esp\u00e9rer en changer qu&rsquo;au prix d&rsquo;un mariage co\u00fbteux. Les habitations suivent ce m\u00eame principe et les pyramides sont le reflet de leur soci\u00e9t\u00e9. Seuls les plus riches et les privil\u00e9gi\u00e9s logent au sommet de celles-ci, tout comme les plus pauvres se contentent du premier niveau, \u00e0 hauteur de rue<\/p>\n<p style=\"text-align: justify;\">Une caste sort de ces r\u00e8gles, celle des magiciens. Mise \u00e0 part dans cette soci\u00e9t\u00e9, comme dans beaucoup de soci\u00e9t\u00e9s elfiques, ils travaillent toujours pour les puissants qui les entretiennent. Form\u00e9s g\u00e9n\u00e9ralement \u00e0 Ausros, \u00e0 la Tour des Mages, ils sont engag\u00e9s d\u00e8s leur retour en fonction de leurs capacit\u00e9s. Les plus talentueux peuvent m\u00eame se retrouver \u00e0 travailler pour le Prince lui-m\u00eame. Du coup, les familles les plus pauvres esp\u00e8rent toujours voir l&rsquo;un de leurs enfants devenir magicien, et le voir ainsi sortir du syst\u00e8me des castes, mais il y a peu d&rsquo;\u00e9lus. D&rsquo;autant plus que devenir magicien chez les Hauts-elfes est un choix difficile, car il est tr\u00e8s mal vu qu&rsquo;il fonde une famille par la suite. Car \u00e9tant entretenu par son m\u00e9c\u00e8ne, celui-ci n&rsquo;appr\u00e9cie que rarement d&rsquo;entretenir toute la famille de son mage, en plus du mage lui m\u00eame.<\/p>\n<p style=\"text-align: justify;\">Les hauts-elfes sont une civilisation ancienne et certains diront m\u00eame d\u00e9cadente dans certains de ses aspects. Cependant, leurs connaissances, leur art et leur culture \u00e9clairent encore largement l&rsquo;Aekkylinie. C&rsquo;est un peuple fort qui a su trouver des chemins pacifiques pour s&rsquo;imposer aupr\u00e8s de ses voisins, se rendant g\u00e9n\u00e9ralement indispensable \u00e0 leur \u00e9conomie et pr\u00e9sent dans tous les \u00e9v\u00e9nements importants du continent.<\/p>\n\n<div class=\"wp-block-image\">\n<figure class=\"aligncenter size-full\"><img data-recalc-dims=\"1\" loading=\"lazy\" decoding=\"async\" width=\"50\" height=\"52\" src=\"https:\/\/i0.wp.com\/www.vyrhelle.com\/arcea\/wp-content\/uploads\/2020\/03\/celtic_knot_titre.png?resize=50%2C52&#038;ssl=1\" alt=\"\" class=\"wp-image-310\"\/><\/figure>\n<\/div>","protected":false},"excerpt":{"rendered":"<p>Terres d&rsquo;origine\u00a0: La for\u00eat de Y\u00e9lis en AekkylinieTaille moyenne\u00a0: homme : 1,90 m &#8211; femme : 1,70 mLangue\u00a0: l&rsquo;elfique communCheveux\u00a0: blonds tirant parfois sur le rouxPeau\u00a0: claire voire tr\u00e8s claireYeux\u00a0: bleus ou verts Les hauts-elfes se consid\u00e8rent comme la branche elfique la plus ancienne d&rsquo;Arcea, et donc, la plus repr\u00e9sentative du peuple elfique. Mais ils [&hellip;]<\/p>\n","protected":false},"author":1,"featured_media":0,"parent":37,"menu_order":7,"comment_status":"closed","ping_status":"closed","template":"template-fullwidth.php","meta":{"jetpack_post_was_ever_published":false,"footnotes":""},"class_list":["post-1139","page","type-page","status-publish","hentry","post-preview"],"jetpack_sharing_enabled":true,"jetpack_likes_enabled":false,"_links":{"self":[{"href":"https:\/\/www.vyrhelle.com\/arcea\/wp-json\/wp\/v2\/pages\/1139","targetHints":{"allow":["GET"]}}],"collection":[{"href":"https:\/\/www.vyrhelle.com\/arcea\/wp-json\/wp\/v2\/pages"}],"about":[{"href":"https:\/\/www.vyrhelle.com\/arcea\/wp-json\/wp\/v2\/types\/page"}],"author":[{"embeddable":true,"href":"https:\/\/www.vyrhelle.com\/arcea\/wp-json\/wp\/v2\/users\/1"}],"replies":[{"embeddable":true,"href":"https:\/\/www.vyrhelle.com\/arcea\/wp-json\/wp\/v2\/comments?post=1139"}],"version-history":[{"count":4,"href":"https:\/\/www.vyrhelle.com\/arcea\/wp-json\/wp\/v2\/pages\/1139\/revisions"}],"predecessor-version":[{"id":3256,"href":"https:\/\/www.vyrhelle.com\/arcea\/wp-json\/wp\/v2\/pages\/1139\/revisions\/3256"}],"up":[{"embeddable":true,"href":"https:\/\/www.vyrhelle.com\/arcea\/wp-json\/wp\/v2\/pages\/37"}],"wp:attachment":[{"href":"https:\/\/www.vyrhelle.com\/arcea\/wp-json\/wp\/v2\/media?parent=1139"}],"curies":[{"name":"wp","href":"https:\/\/api.w.org\/{rel}","templated":true}]}}