{"id":2590,"date":"2021-05-10T15:43:54","date_gmt":"2021-05-10T13:43:54","guid":{"rendered":"https:\/\/www.vyrhelle.com\/arcea\/?page_id=2590"},"modified":"2025-11-10T18:18:39","modified_gmt":"2025-11-10T17:18:39","slug":"le-temps-dun-tango","status":"publish","type":"page","link":"https:\/\/www.vyrhelle.com\/arcea\/le-temps-dun-tango\/","title":{"rendered":"Le Temps d&rsquo;un Tango"},"content":{"rendered":"\n<p><\/p>\n\n\n<div class=\"wp-block-image\">\n<figure class=\"alignleft size-large\"><img data-recalc-dims=\"1\" loading=\"lazy\" decoding=\"async\" width=\"250\" height=\"500\" src=\"https:\/\/i0.wp.com\/www.vyrhelle.com\/arcea\/wp-content\/uploads\/2021\/05\/chapitre_04.jpg?resize=250%2C500&#038;ssl=1\" alt=\"\" class=\"wp-image-2591\" srcset=\"https:\/\/i0.wp.com\/www.vyrhelle.com\/arcea\/wp-content\/uploads\/2021\/05\/chapitre_04.jpg?w=250&amp;ssl=1 250w, https:\/\/i0.wp.com\/www.vyrhelle.com\/arcea\/wp-content\/uploads\/2021\/05\/chapitre_04.jpg?resize=100%2C200&amp;ssl=1 100w, https:\/\/i0.wp.com\/www.vyrhelle.com\/arcea\/wp-content\/uploads\/2021\/05\/chapitre_04.jpg?resize=200%2C400&amp;ssl=1 200w\" sizes=\"auto, (max-width: 250px) 100vw, 250px\" \/><\/figure>\n<\/div>\n\n<p style=\"text-align: justify;\">Apr\u00e8s une publication partielle en ligne sur un blog d\u00e9di\u00e9 qui a eu un succ\u00e8s inesp\u00e9r\u00e9, le roman \u00ab\u00a0<em>Le Temps d&rsquo;un Tango\u00a0\u00bb, <\/em>co\u00e9crit avec A. Conroy, a \u00e9t\u00e9 \u00e9dit\u00e9 en version papier. Sa publication sous la forme de trois livres en couverture rigide a \u00e9t\u00e9 financ\u00e9 avec succ\u00e8s sur Ulule !\u00a0<br \/>Si vous \u00eates curieux d&rsquo;en savoir plus, vous pouvez retrouver une courte vid\u00e9o \u00ab\u00a0trailer\u00a0\u00bb de pr\u00e9sentation, le synopsis de l&rsquo;histoire et les premiers chapitres en lecture libre sur la page en lien ci-dessous (via un livre virtuel en ligne). Car aujourd&rsquo;hui, l&rsquo;int\u00e9gral de ce roman est disponible sur la boutique en ligne.<br \/>Attention, toutefois, les quantit\u00e9s sont tr\u00e8s limit\u00e9es\u2026<\/p>\n<p style=\"text-align: center;\"><a href=\"https:\/\/www.vyrhelle.com\/arcea\/produit\/le-temps-dun-tango-lintegrale-des-romans\/\">Le Temps d&rsquo;un Tango \u2013 l&rsquo;int\u00e9grale en trois romans<\/a><\/p>\n<p style=\"text-align: right;\">\u2014 Vyrhelle<\/p>","protected":false},"excerpt":{"rendered":"<p>Apr\u00e8s une publication partielle en ligne sur un blog d\u00e9di\u00e9 qui a eu un succ\u00e8s inesp\u00e9r\u00e9, le roman \u00ab\u00a0Le Temps d&rsquo;un Tango\u00a0\u00bb, co\u00e9crit avec A. Conroy, a \u00e9t\u00e9 \u00e9dit\u00e9 en version papier. Sa publication sous la forme de trois livres en couverture rigide a \u00e9t\u00e9 financ\u00e9 avec succ\u00e8s sur Ulule !\u00a0Si vous \u00eates curieux d&rsquo;en [&hellip;]<\/p>\n","protected":false},"author":1,"featured_media":0,"parent":0,"menu_order":0,"comment_status":"closed","ping_status":"closed","template":"template-fullwidth.php","meta":{"jetpack_post_was_ever_published":false,"footnotes":""},"class_list":["post-2590","page","type-page","status-publish","hentry","post-preview"],"jetpack_sharing_enabled":true,"jetpack_likes_enabled":false,"_links":{"self":[{"href":"https:\/\/www.vyrhelle.com\/arcea\/wp-json\/wp\/v2\/pages\/2590","targetHints":{"allow":["GET"]}}],"collection":[{"href":"https:\/\/www.vyrhelle.com\/arcea\/wp-json\/wp\/v2\/pages"}],"about":[{"href":"https:\/\/www.vyrhelle.com\/arcea\/wp-json\/wp\/v2\/types\/page"}],"author":[{"embeddable":true,"href":"https:\/\/www.vyrhelle.com\/arcea\/wp-json\/wp\/v2\/users\/1"}],"replies":[{"embeddable":true,"href":"https:\/\/www.vyrhelle.com\/arcea\/wp-json\/wp\/v2\/comments?post=2590"}],"version-history":[{"count":11,"href":"https:\/\/www.vyrhelle.com\/arcea\/wp-json\/wp\/v2\/pages\/2590\/revisions"}],"predecessor-version":[{"id":3292,"href":"https:\/\/www.vyrhelle.com\/arcea\/wp-json\/wp\/v2\/pages\/2590\/revisions\/3292"}],"wp:attachment":[{"href":"https:\/\/www.vyrhelle.com\/arcea\/wp-json\/wp\/v2\/media?parent=2590"}],"curies":[{"name":"wp","href":"https:\/\/api.w.org\/{rel}","templated":true}]}}

<p></p>


<div class="wp-block-image">
<figure class="alignleft size-large"><img data-recalc-dims="1" loading="lazy" decoding="async" width="250" height="500" src="https://i0.wp.com/www.vyrhelle.com/arcea/wp-content/uploads/2021/05/chapitre_04.jpg?resize=250%2C500&#038;ssl=1" alt="" class="wp-image-2591" srcset="https://i0.wp.com/www.vyrhelle.com/arcea/wp-content/uploads/2021/05/chapitre_04.jpg?w=250&amp;ssl=1 250w, https://i0.wp.com/www.vyrhelle.com/arcea/wp-content/uploads/2021/05/chapitre_04.jpg?resize=100%2C200&amp;ssl=1 100w, https://i0.wp.com/www.vyrhelle.com/arcea/wp-content/uploads/2021/05/chapitre_04.jpg?resize=200%2C400&amp;ssl=1 200w" sizes="auto, (max-width: 250px) 100vw, 250px" /></figure>
</div>

<p style="text-align: justify;">Après une publication partielle en ligne sur un blog dédié qui a eu un succès inespéré, le roman « <em>Le Temps d&rsquo;un Tango », </em>coécrit avec A. Conroy, a été édité en version papier. Sa publication sous la forme de trois livres en couverture rigide a été financé avec succès sur Ulule ! <br />Si vous êtes curieux d&rsquo;en savoir plus, vous pouvez retrouver une courte vidéo « trailer » de présentation, le synopsis de l&rsquo;histoire et les premiers chapitres en lecture libre sur la page en lien ci-dessous (via un livre virtuel en ligne). Car aujourd&rsquo;hui, l&rsquo;intégral de ce roman est disponible sur la boutique en ligne.<br />Attention, toutefois, les quantités sont très limitées…</p>
<p style="text-align: center;"><a href="https://www.vyrhelle.com/arcea/produit/le-temps-dun-tango-lintegrale-des-romans/">Le Temps d&rsquo;un Tango – l&rsquo;intégrale en trois romans</a></p>
<p style="text-align: right;">— Vyrhelle</p>

<p>Après une publication partielle en ligne sur un blog dédié qui a eu un succès inespéré, le roman « Le Temps d&rsquo;un Tango », coécrit avec A. Conroy, a été édité en version papier. Sa publication sous la forme de trois livres en couverture rigide a été financé avec succès sur Ulule ! Si vous êtes curieux d&rsquo;en [&hellip;]</p>
