{"id":269,"date":"2020-03-18T15:00:56","date_gmt":"2020-03-18T14:00:56","guid":{"rendered":"http:\/\/www.vyrhelle.com\/blog\/?page_id=269"},"modified":"2026-04-06T23:18:36","modified_gmt":"2026-04-06T21:18:36","slug":"accueil","status":"publish","type":"page","link":"https:\/\/www.vyrhelle.com\/arcea\/","title":{"rendered":"Et Arcea vous sera cont\u00e9&#8230; entre autres."},"content":{"rendered":"<p style=\"text-align: justify;\" align=\"justify\">Soyons honn\u00eates, ni ma vie priv\u00e9e ni mon histoire vous ont fait venir par ici, mais bien certaines de mes r\u00e9alisations qui vous ont interpell\u00e9s. Cette page de pr\u00e9sentation a pour but de r\u00e9pondre \u00e0 vos questions sur mon travail, sur les Chroniques d&rsquo;Arcea ou sur mes choix d&rsquo;\u00e9dition. Le genre de question que l&rsquo;on me pose souvent en salon.<\/p>\n<h3 style=\"text-align: justify;\" align=\"justify\">Ind\u00e9pendante, auto\u00e9dit\u00e9e et fi\u00e8re de l&rsquo;\u00eatre !<\/h3>\n<p style=\"text-align: justify;\" align=\"justify\">D&rsquo;abord, il vous faut savoir que vous ne trouverez pas mon boulot dans les circuits classiques de distribution de livres. Pas la peine donc d&rsquo;aller voir votre libraire favori pour trouver mes livres ou autres produits d\u00e9riv\u00e9s, il ne saura m\u00eame pas qui je suis. Non, deux solutions s&rsquo;offrent \u00e0 vous pour acqu\u00e9rir ce que je publie : <strong>les salons<\/strong>\u00a0o\u00f9 je me rends et\u00a0ma\u00a0<strong><a href=\"https:\/\/www.vyrhelle.com\/arcea\/boutique\/\">boutique en ligne<\/a><\/strong>.<\/p>\n<p style=\"text-align: justify;\" align=\"justify\">D&rsquo;ailleurs, peut-\u00eatre faites-vous partie des gens qui ont d\u00e9couvert mon travail en salon ou bien au d\u00e9tour d&rsquo;errance sur la toile num\u00e9rique. Tout \u00e7a, parce qu&rsquo;il y a plusieurs ann\u00e9es maintenant, j&rsquo;ai choisi d&rsquo;\u00eatre\u00a0<strong>ind\u00e9pendante<\/strong>, mais aussi\u00a0<strong>auto\u00e9dit\u00e9e<\/strong>. Si actuellement, \u00e7a devient de plus en plus courant, ce n&rsquo;\u00e9tait pas une voie tr\u00e8s populaire quand j&rsquo;ai commenc\u00e9. Pour \u00eatre honn\u00eate, c&rsquo;\u00e9tait m\u00eame assez d\u00e9nigr\u00e9, particuli\u00e8rement dans le milieu professionnel des cr\u00e9ateurs de livres \/ bandes dessin\u00e9es. Le bilan ? Je ne regrette absolument pas mon choix, m\u00eame si \u00e7a demande souvent bien plus de travail que d&rsquo;\u00eatre un maillon de la cha\u00eene \u00e9ditoriale habituelle.<\/p>\n<p style=\"text-align: justify;\" align=\"justify\">Ma boutique en ligne, je la g\u00e8re moi-m\u00eame, la plate-forme est s\u00e9curis\u00e9e, je pr\u00e9pare les colis, je d\u00e9pose les envois \u00e0 mon bureau de poste pro pr\u00e9f\u00e9r\u00e9\u2026 Bref, <strong>aucun<\/strong> <strong>interm\u00e9diaire<\/strong>.<\/p>\n<p style=\"text-align: justify;\" align=\"justify\">Pour les salons, j&rsquo;annonce ceux auxquels je participe via\u00a0<a href=\"https:\/\/www.instagram.com\/vyrhelle\/\" target=\"_blank\" rel=\"noopener\">Instagram<\/a>, ainsi que via mon\u00a0<a href=\"https:\/\/www.vyrhelle.com\/arcea\/category\/blog\/\" target=\"_blank\" rel=\"noopener\">blog<\/a>. Si vous pouvez vous y rendre, ce sera l&rsquo;occasion de me rencontrer en \u00ab\u00a0live\u00a0\u00bb. \u00c0 nouveau, pas d&rsquo;interm\u00e9diaire, je pratique le \u00ab\u00a0<strong>direct de l&rsquo;autrice aux lecteurs<\/strong>\u00a0\u00bb et \u00e7a n&rsquo;est pas pr\u00e8s de changer.<\/p>\n\n<div class=\"wp-block-image\">\n<figure class=\"alignleft size-full\"><img data-recalc-dims=\"1\" loading=\"lazy\" decoding=\"async\" width=\"269\" height=\"520\" src=\"https:\/\/i0.wp.com\/www.vyrhelle.com\/arcea\/wp-content\/uploads\/2025\/11\/livre.jpg?resize=269%2C520&#038;ssl=1\" alt=\"\" class=\"wp-image-3829\" srcset=\"https:\/\/i0.wp.com\/www.vyrhelle.com\/arcea\/wp-content\/uploads\/2025\/11\/livre.jpg?w=269&amp;ssl=1 269w, https:\/\/i0.wp.com\/www.vyrhelle.com\/arcea\/wp-content\/uploads\/2025\/11\/livre.jpg?resize=259%2C500&amp;ssl=1 259w, https:\/\/i0.wp.com\/www.vyrhelle.com\/arcea\/wp-content\/uploads\/2025\/11\/livre.jpg?resize=78%2C150&amp;ssl=1 78w, https:\/\/i0.wp.com\/www.vyrhelle.com\/arcea\/wp-content\/uploads\/2025\/11\/livre.jpg?resize=100%2C193&amp;ssl=1 100w, https:\/\/i0.wp.com\/www.vyrhelle.com\/arcea\/wp-content\/uploads\/2025\/11\/livre.jpg?resize=200%2C387&amp;ssl=1 200w\" sizes=\"auto, (max-width: 269px) 100vw, 269px\" \/><\/figure>\n<\/div>\n\n<h3 style=\"text-align: justify;\" align=\"justify\">Illustratrice, dessinatrice et sc\u00e9nariste de BD, autrice ? Un peu tout \u00e7a \u00e0 la fois\u2026<\/h3>\n<p style=\"text-align: justify;\" align=\"justify\">Je me d\u00e9finis comme une <strong>cr\u00e9atrice<\/strong>. Pour chaque projet, les comp\u00e9tences utilis\u00e9es sont g\u00e9n\u00e9ralement un choix fait en fonction de ce que je veux cr\u00e9er, raconter, exprimer. Le dessin est certainement mon premier amour et il a d\u00e9cid\u00e9 de mes \u00e9tudes en \u00e9coles d&rsquo;Art Appliqu\u00e9s (\u00c9cole \u00c9mile Cohl \u00e0 Lyon). Mais l&rsquo;exp\u00e9rience m&rsquo;a fait comprendre que c&rsquo;est une activit\u00e9 qui ne se suffit pas \u00e0 elle-m\u00eame dans mon cadre cr\u00e9atif. Elle doit faire partie d&rsquo;un tout dans lequel se m\u00e9langent visuels, histoires, atmosph\u00e8res, personnages, etc. Quelque part, je crois que je tiens plus de la barde conteuse que de l&rsquo;artiste peintre.<\/p>\n<p style=\"text-align: justify;\" align=\"justify\">Cette mani\u00e8re d&rsquo;aborder la cr\u00e9ation d\u00e9finit les lignes directrices de mon travail, qui se d\u00e9cline en \u00ab\u00a0<strong>Univers<\/strong>\u00ab\u00a0, aussi bien au niveau visuel que conceptuel. Bien \u00e9videmment, le c\u00f4t\u00e9 visuel est le plus simple et le plus rapide \u00e0 pr\u00e9senter. Il suffit d&rsquo;aller faire un tour sur\u00a0<a href=\"https:\/\/www.vyrhelle.com\/arcea\/portfolio\/\" target=\"_blank\" rel=\"noopener\">mon portfolio<\/a>. Pour le reste, je vais essayer de faire un petit topo rapide sur les deux principaux univers sur lesquels je m&rsquo;\u00e9clate actuellement. Pour la version compl\u00e8te, j&rsquo;essaie de faire de mon mieux pour la d\u00e9voiler dans mes publications, livres et bandes dessin\u00e9es\u2026<\/p>\n\n<div class=\"wp-block-image\">\n<figure class=\"alignright size-full\"><img data-recalc-dims=\"1\" loading=\"lazy\" decoding=\"async\" width=\"269\" height=\"642\" src=\"https:\/\/i0.wp.com\/www.vyrhelle.com\/arcea\/wp-content\/uploads\/2025\/11\/arcea.jpg?resize=269%2C642&#038;ssl=1\" alt=\"\" class=\"wp-image-3830\" srcset=\"https:\/\/i0.wp.com\/www.vyrhelle.com\/arcea\/wp-content\/uploads\/2025\/11\/arcea.jpg?w=269&amp;ssl=1 269w, https:\/\/i0.wp.com\/www.vyrhelle.com\/arcea\/wp-content\/uploads\/2025\/11\/arcea.jpg?resize=210%2C500&amp;ssl=1 210w, https:\/\/i0.wp.com\/www.vyrhelle.com\/arcea\/wp-content\/uploads\/2025\/11\/arcea.jpg?resize=63%2C150&amp;ssl=1 63w, https:\/\/i0.wp.com\/www.vyrhelle.com\/arcea\/wp-content\/uploads\/2025\/11\/arcea.jpg?resize=100%2C239&amp;ssl=1 100w, https:\/\/i0.wp.com\/www.vyrhelle.com\/arcea\/wp-content\/uploads\/2025\/11\/arcea.jpg?resize=200%2C477&amp;ssl=1 200w\" sizes=\"auto, (max-width: 269px) 100vw, 269px\" \/><\/figure>\n<\/div>\n\n<h3 style=\"text-align: justify;\" align=\"justify\">Arcea et ses chroniques<\/h3>\n<p style=\"text-align: justify;\" align=\"justify\"><strong>Arcea<\/strong>, c&rsquo;est mon \u0153uvre principale. Un grand projet dans une d\u00e9mesure qui parfois m&rsquo;effraie un peu et en m\u00eame temps m&rsquo;enthousiasme justement par son ampleur et sa richesse.<\/p>\n<p style=\"text-align: justify;\" align=\"justify\">Tout a commenc\u00e9 par une petite \u00e9tincelle en 2004\/2005. Un petit rien qui s&rsquo;est d\u00e9velopp\u00e9 sans que je devine de suite son potentiel. Il a fallu attendre 2009 pour que j&rsquo;envisage de l&rsquo;exploiter. En <strong>bande dessin\u00e9e<\/strong> d&rsquo;abord. Parce que faire de la BD, c&rsquo;\u00e9tait un r\u00eave de gosse\u2026 Que l&rsquo;<b>heroic fantasy<\/b>, c&rsquo;est mon violon d&rsquo;Ingres depuis mes seize ans o\u00f9 j&rsquo;ai d\u00e9couvert Le Seigneur des Anneaux de JRR Tolkien\u2026 Que l&rsquo;histoire des P\u00e8lerins s&rsquo;y pr\u00eatait bien\u2026 Que j&rsquo;ai un attachement tout particulier pour certains des personnages\u2026 Aujourd&rsquo;hui, <a href=\"https:\/\/www.vyrhelle.com\/arcea\/categorie-produit\/les-albums\/\">quatre tomes<\/a> sont d\u00e9j\u00e0 parus et je travaille enfin sur le cinqui\u00e8me et dernier de la s\u00e9rie !<\/p>\n<p style=\"text-align: justify;\" align=\"justify\">Mais m\u00eame si c&rsquo;est une histoire globale et qui se conclura sur ce dernier tome, la BD est loin, tr\u00e8s loin de tout raconter de cet univers. Je profite donc de ce site pour vous pr\u00e9senter quelques informations suppl\u00e9mentaires dans une section <a href=\"https:\/\/www.vyrhelle.com\/arcea\/bonus\/\">BONUS<\/a>. Au fil des ann\u00e9es, j&rsquo;ai aussi r\u00e9alis\u00e9 quelques illustrations racontant des morceaux de l&rsquo;histoire qui ne seront pas dans les BD. J&rsquo;ai recherch\u00e9 le design de personnages qui n&rsquo;y figureront pas non plus. J&rsquo;exp\u00e9rimente. Pourtant, j&rsquo;ai eu beau retourner le probl\u00e8me dans tous les sens, rien \u00e0 faire, tout \u00e7a \u00e9tait trop vaste pour pouvoir \u00eatre mis en cases dans d&rsquo;autres s\u00e9ries d&rsquo;albums. Du coup, <strong>des romans sont en pr\u00e9paration !<\/strong> Mais avant de pouvoir l&rsquo;officialiser, il me fallait mettre mon \u00e9criture \u00e0 l&rsquo;\u00e9preuve. Savoir de quoi j&rsquo;\u00e9tais capable avant de me lancer dans un projet aussi cons\u00e9quent qu&rsquo;Arcea. C&rsquo;est de ce besoin d&rsquo;exp\u00e9rience qu&rsquo;est n\u00e9 mon autre univers de travail, \u00ab\u00a0Tango\u00a0\u00bb.<\/p>\n\n<div class=\"wp-block-image\">\n<figure class=\"alignleft size-full\"><img data-recalc-dims=\"1\" loading=\"lazy\" decoding=\"async\" width=\"236\" height=\"400\" src=\"https:\/\/i0.wp.com\/www.vyrhelle.com\/arcea\/wp-content\/uploads\/2025\/11\/tango.jpg?resize=236%2C400&#038;ssl=1\" alt=\"\" class=\"wp-image-3831\" srcset=\"https:\/\/i0.wp.com\/www.vyrhelle.com\/arcea\/wp-content\/uploads\/2025\/11\/tango.jpg?w=236&amp;ssl=1 236w, https:\/\/i0.wp.com\/www.vyrhelle.com\/arcea\/wp-content\/uploads\/2025\/11\/tango.jpg?resize=89%2C150&amp;ssl=1 89w, https:\/\/i0.wp.com\/www.vyrhelle.com\/arcea\/wp-content\/uploads\/2025\/11\/tango.jpg?resize=100%2C169&amp;ssl=1 100w, https:\/\/i0.wp.com\/www.vyrhelle.com\/arcea\/wp-content\/uploads\/2025\/11\/tango.jpg?resize=200%2C339&amp;ssl=1 200w\" sizes=\"auto, (max-width: 236px) 100vw, 236px\" \/><\/figure>\n<\/div>\n\n<h3 style=\"text-align: justify;\" align=\"justify\">Le temps d&rsquo;un jeu devenu Tango<\/h3>\n<p style=\"text-align: justify;\" align=\"justify\">Oui, c&rsquo;\u00e9tait un jeu au d\u00e9part. Une histoire n\u00e9e d&rsquo;un \u00e9change avec une amie, Alice Conroy. Un \u00e9change qui a construit rapidement une intrigue qui nous a enthousiasm\u00e9es. \u00ab\u00a0Tango\u00a0\u00bb est rapidement devenu un espace d&rsquo;exp\u00e9rimentation pour elle, comme pour moi. Si elle y a trouv\u00e9 le d\u00e9fi de s&rsquo;atteler \u00e0 un projet de belle envergure, il m&rsquo;a servi de support \u00e0 des exercices d&rsquo;\u00e9criture et de travail de coh\u00e9rence. Mais aussi \u00e0 des recherches de nouvelles techniques de dessin, avec des contraintes particuli\u00e8res qui devaient juste me pr\u00e9parer \u00e0 des projets plus cruciaux \u00e0 mes yeux. Enfin, \u00e7a, c&rsquo;\u00e9tait la th\u00e9orie.<\/p>\n<p style=\"text-align: justify;\" align=\"justify\">Dans les faits, cette histoire nous a pi\u00e9g\u00e9es et nous avons fini par travailler plusieurs ann\u00e9es dessus. Aujourd&rsquo;hui, elle est publi\u00e9e dans une trilogie de romans illustr\u00e9s, de pr\u00e8s de 600 pages chacun. Le jeu et l&rsquo;exp\u00e9rimentation sont devenus un projet professionnel concret, financ\u00e9 avec succ\u00e8s sur Ulule, dont nous sommes tr\u00e8s fi\u00e8res. Les livres sont d&rsquo;ailleurs <a href=\"https:\/\/www.vyrhelle.com\/arcea\/produit\/le-temps-dun-tango-lintegrale-des-romans\/\">disponibles sur la boutique en ligne.<\/a> En suivant le lien, vous trouverez un synopsis du roman et les premiers chapitres en lecture gratuite, tout comme des illustrations, visibles dans <a href=\"https:\/\/www.vyrhelle.com\/arcea\/portfolio\/\">mon portfolio<\/a>.<\/p>\n<p style=\"text-align: justify;\" align=\"justify\">Voil\u00e0, je crois que j&rsquo;ai fait le tour des questions qu&rsquo;on me pose r\u00e9guli\u00e8rement. J&rsquo;esp\u00e8re que vous aurez trouv\u00e9 quelques r\u00e9ponses \u00e0 vos propres interrogations. Sinon, je suis plut\u00f4t facile \u00e0 contacter sur Instagram ou via le formulaire de contact en bas de page. Je n&rsquo;ai jamais mordu personne en salon. Il parait m\u00eame que je suis gentille, alors il ne faut pas h\u00e9siter \u00e0 venir m&rsquo;aborder. En attendant, je vous laisse parcourir les pages de ce site, le menu en haut de page vous permettra de naviguer ais\u00e9ment dans les diff\u00e9rentes sections propos\u00e9es. J&rsquo;esp\u00e8re que vous appr\u00e9cierez la visite.<\/p>\n<p style=\"text-align: justify;\" align=\"justify\">Et si vous avez envie de me soutenir ? Parlez de mon travail \u00e0 vos amis, venez discuter sur le blog et pensez \u00e0 offrir mes livres \u00e0 ceux qui ne les ont pas encore ?<\/p>\n<p style=\"text-align: right;\" align=\"justify\"><span style=\"font-weight: 400;\">\u2014 <\/span>Vyrhelle.<\/p>\n\n\n<p><\/p>\n","protected":false},"excerpt":{"rendered":"<p>Soyons honn\u00eates, ni ma vie priv\u00e9e ni mon histoire vous ont fait venir par ici, mais bien certaines de mes r\u00e9alisations qui vous ont interpell\u00e9s. Cette page de pr\u00e9sentation a pour but de r\u00e9pondre \u00e0 vos questions sur mon travail, sur les Chroniques d&rsquo;Arcea ou sur mes choix d&rsquo;\u00e9dition. Le genre de question que l&rsquo;on [&hellip;]<\/p>\n","protected":false},"author":1,"featured_media":0,"parent":0,"menu_order":0,"comment_status":"closed","ping_status":"closed","template":"template-nosidebar.php","meta":{"jetpack_post_was_ever_published":false,"footnotes":""},"class_list":["post-269","page","type-page","status-publish","hentry","post-preview"],"jetpack_sharing_enabled":false,"jetpack_likes_enabled":false,"_links":{"self":[{"href":"https:\/\/www.vyrhelle.com\/arcea\/wp-json\/wp\/v2\/pages\/269","targetHints":{"allow":["GET"]}}],"collection":[{"href":"https:\/\/www.vyrhelle.com\/arcea\/wp-json\/wp\/v2\/pages"}],"about":[{"href":"https:\/\/www.vyrhelle.com\/arcea\/wp-json\/wp\/v2\/types\/page"}],"author":[{"embeddable":true,"href":"https:\/\/www.vyrhelle.com\/arcea\/wp-json\/wp\/v2\/users\/1"}],"replies":[{"embeddable":true,"href":"https:\/\/www.vyrhelle.com\/arcea\/wp-json\/wp\/v2\/comments?post=269"}],"version-history":[{"count":76,"href":"https:\/\/www.vyrhelle.com\/arcea\/wp-json\/wp\/v2\/pages\/269\/revisions"}],"predecessor-version":[{"id":4327,"href":"https:\/\/www.vyrhelle.com\/arcea\/wp-json\/wp\/v2\/pages\/269\/revisions\/4327"}],"wp:attachment":[{"href":"https:\/\/www.vyrhelle.com\/arcea\/wp-json\/wp\/v2\/media?parent=269"}],"curies":[{"name":"wp","href":"https:\/\/api.w.org\/{rel}","templated":true}]}}