{"id":445,"date":"2020-03-20T11:45:06","date_gmt":"2020-03-20T10:45:06","guid":{"rendered":"http:\/\/www.vyrhelle.com\/blog\/?page_id=445"},"modified":"2025-11-10T18:18:39","modified_gmt":"2025-11-10T17:18:39","slug":"elwen","status":"publish","type":"page","link":"https:\/\/www.vyrhelle.com\/arcea\/bonus\/personnages\/elwen\/","title":{"rendered":"ELWEN, la Femme-Louve"},"content":{"rendered":"<div class=\"wp-block-image\">\n<figure class=\"alignleft size-full is-resized\"><img data-recalc-dims=\"1\" loading=\"lazy\" decoding=\"async\" width=\"400\" height=\"600\" src=\"https:\/\/i0.wp.com\/www.vyrhelle.com\/arcea\/wp-content\/uploads\/2020\/03\/avatar-elwen.jpg?resize=400%2C600&#038;ssl=1\" alt=\"\" class=\"wp-image-899\" style=\"width:300px;height:450px\" srcset=\"https:\/\/i0.wp.com\/www.vyrhelle.com\/arcea\/wp-content\/uploads\/2020\/03\/avatar-elwen.jpg?w=400&amp;ssl=1 400w, https:\/\/i0.wp.com\/www.vyrhelle.com\/arcea\/wp-content\/uploads\/2020\/03\/avatar-elwen.jpg?resize=200%2C300&amp;ssl=1 200w\" sizes=\"auto, (max-width: 400px) 100vw, 400px\" \/><\/figure>\n<\/div>\n\n<p style=\"text-align: justify;\"><strong>Nom :<\/strong>&nbsp;Duir<br \/><strong>Pr\u00e9nom :<\/strong>&nbsp;Dara<br \/><strong>Surnom :<\/strong>&nbsp;Elwen<\/p>\n<p style=\"text-align: justify;\"><strong>Age :<\/strong>&nbsp;34 ans mais semble en avoir 25<br \/><strong>Race&nbsp;<\/strong>: humaine ?<br \/><strong>Taille :<\/strong>&nbsp;1 m 70<br \/><strong>Poids :<\/strong> 60 kgs<br \/><strong>Cheveux :<\/strong>&nbsp;extr\u00eamement longs, lisses et noirs<br \/><strong>Yeux :<\/strong>&nbsp;dor\u00e9s<br \/><strong>Corpulence :<\/strong>&nbsp;\u00e9lanc\u00e9e<br \/><strong>Couleur de peau :<\/strong>&nbsp;rose p\u00e2le<\/p>\n<p style=\"text-align: justify;\"><strong>Signes particuliers :&nbsp;<\/strong>Son regard d\u2019or et la longueur d\u00e9mesur\u00e9e de sa chevelure qui devient blanche quand elle utilise de la magie<\/p>\n\n\n<div style=\"height:20px\" aria-hidden=\"true\" class=\"wp-block-spacer\"><\/div>\n\n\n<p class=\"Style1\" style=\"text-align: justify;\" align=\"justify\"><strong>Apparition : <\/strong>tome 1 page 19.<\/p>\n<p class=\"Style1\" style=\"text-align: justify;\" align=\"justify\">Elwen semble d\u00e9barquer d&rsquo;un monde tr\u00e8s diff\u00e9rent de celui d&rsquo;<a href=\"https:\/\/www.vyrhelle.com\/arcea\/bonus\/lieux\/#Ausros\">Ausros<\/a>. Tr\u00e8s proche de la nature, peut-\u00eatre m\u00eame plus que certains\u00a0<a href=\"https:\/\/www.vyrhelle.com\/arcea\/bonus\/peuples\/sylvains\/\">elfes sylvains<\/a>, elle se r\u00e9v\u00e8le \u00e0 la fois perspicace et candide. Comme si son instinct \u00e9tait plus aiguis\u00e9 que ses connaissances. Venue \u00e0 la Cit\u00e9 des Mages pour ma\u00eetriser un pouvoir magique qui la d\u00e9passe, elle s&rsquo;av\u00e8re presque obnubil\u00e9e par la recherche de solutions \u00e0 ce probl\u00e8me. Au point de se tenir \u00e0 l&rsquo;\u00e9cart d&rsquo;<a href=\"https:\/\/www.vyrhelle.com\/arcea\/bonus\/personnages\/aekina\/\">Aekina<\/a>,\u00a0<a href=\"https:\/\/www.vyrhelle.com\/arcea\/bonus\/personnages\/verminaar\/\">Verminaar<\/a>\u00a0et surtout\u00a0<a href=\"https:\/\/www.vyrhelle.com\/arcea\/bonus\/personnages\/jollwin\/\">J\u00f6llwin<\/a>, avec lesquels elle s&rsquo;est d\u00e9couverte pourtant rapidement de l&rsquo;affinit\u00e9. Peut-\u00eatre un peu trop \u00e0 l&rsquo;\u00e9cart au go\u00fbt du demi-elfe roux.<\/p>\n<p style=\"text-align: justify;\" align=\"justify\">On comprend un peu mieux ce que son pass\u00e9 rec\u00e8le quand une meute de loups g\u00e9ants vient \u00e0 son secours et qu&rsquo;elle appelle \u00ab\u00a0P\u00e8re\u00a0\u00bb, le plus gros des loups, d\u00e9nomm\u00e9 Kern : Elwen est une ancienne enfant sauvage, une jeune-fille louve qui parle la langue des animaux avec aisance, se sent chez elle dans une for\u00eat. Qui ne craint pas d&rsquo;\u00eatre violente quand il le faut. Mieux, elle s&rsquo;av\u00e8re \u00eatre une bonne combattante et pas un simple membre de cette meute de loups \u00e0 la taille hors norme, mais bien le chef de meute. Et de fait, sa candeur face au monde civilis\u00e9 donne l&rsquo;impression de dispara\u00eetre quand elle est dans la nature, dans son domaine.<\/p>\n<p style=\"text-align: justify;\" align=\"justify\">Autre aspect intriguant chez Elwen, elle n&rsquo;utilise jamais son v\u00e9ritable nom. Elle affiche son regard dor\u00e9 sans, \u00e0 l&rsquo;\u00e9vidence, savoir ce que cette \u00e9trange couleur trahit. Car elle ne sait absolument rien de ses v\u00e9ritables origines. M\u00eame <a href=\"https:\/\/www.vyrhelle.com\/arcea\/bonus\/personnages\/allart\/\">Allart<\/a> en conna\u00eet clairement plus qu&rsquo;elle. Sinon pourquoi l&rsquo;aurait-il prise comme apprentie aussi vite ? Pourtant, elle ne donne pas l&rsquo;impression de vouloir en savoir plus. Comme si sa priorit\u00e9 \u00e9tait de r\u00e9gler son probl\u00e8me de pouvoir magique instable pour retourner au plus t\u00f4t dans ses bois, avec ses loups. Mais sa destin\u00e9e semble s&rsquo;orienter, bien malgr\u00e9 elle, vers tout autre chose&#8230;<\/p>\n\n\n<p><\/p>\n","protected":false},"excerpt":{"rendered":"<p>Nom :&nbsp;DuirPr\u00e9nom :&nbsp;DaraSurnom :&nbsp;Elwen Age :&nbsp;34 ans mais semble en avoir 25Race&nbsp;: humaine ?Taille :&nbsp;1 m 70Poids : 60 kgsCheveux :&nbsp;extr\u00eamement longs, lisses et noirsYeux :&nbsp;dor\u00e9sCorpulence :&nbsp;\u00e9lanc\u00e9eCouleur de peau :&nbsp;rose p\u00e2le Signes particuliers :&nbsp;Son regard d\u2019or et la longueur d\u00e9mesur\u00e9e de sa chevelure qui devient blanche quand elle utilise de la magie Apparition : tome [&hellip;]<\/p>\n","protected":false},"author":1,"featured_media":0,"parent":35,"menu_order":1,"comment_status":"closed","ping_status":"closed","template":"template-fullwidth.php","meta":{"jetpack_post_was_ever_published":false,"footnotes":""},"class_list":["post-445","page","type-page","status-publish","hentry","post-preview"],"jetpack_sharing_enabled":true,"jetpack_likes_enabled":false,"_links":{"self":[{"href":"https:\/\/www.vyrhelle.com\/arcea\/wp-json\/wp\/v2\/pages\/445","targetHints":{"allow":["GET"]}}],"collection":[{"href":"https:\/\/www.vyrhelle.com\/arcea\/wp-json\/wp\/v2\/pages"}],"about":[{"href":"https:\/\/www.vyrhelle.com\/arcea\/wp-json\/wp\/v2\/types\/page"}],"author":[{"embeddable":true,"href":"https:\/\/www.vyrhelle.com\/arcea\/wp-json\/wp\/v2\/users\/1"}],"replies":[{"embeddable":true,"href":"https:\/\/www.vyrhelle.com\/arcea\/wp-json\/wp\/v2\/comments?post=445"}],"version-history":[{"count":27,"href":"https:\/\/www.vyrhelle.com\/arcea\/wp-json\/wp\/v2\/pages\/445\/revisions"}],"predecessor-version":[{"id":3184,"href":"https:\/\/www.vyrhelle.com\/arcea\/wp-json\/wp\/v2\/pages\/445\/revisions\/3184"}],"up":[{"embeddable":true,"href":"https:\/\/www.vyrhelle.com\/arcea\/wp-json\/wp\/v2\/pages\/35"}],"wp:attachment":[{"href":"https:\/\/www.vyrhelle.com\/arcea\/wp-json\/wp\/v2\/media?parent=445"}],"curies":[{"name":"wp","href":"https:\/\/api.w.org\/{rel}","templated":true}]}}

<div class="wp-block-image">
<figure class="alignleft size-full is-resized"><img data-recalc-dims="1" loading="lazy" decoding="async" width="400" height="600" src="https://i0.wp.com/www.vyrhelle.com/arcea/wp-content/uploads/2020/03/avatar-elwen.jpg?resize=400%2C600&#038;ssl=1" alt="" class="wp-image-899" style="width:300px;height:450px" srcset="https://i0.wp.com/www.vyrhelle.com/arcea/wp-content/uploads/2020/03/avatar-elwen.jpg?w=400&amp;ssl=1 400w, https://i0.wp.com/www.vyrhelle.com/arcea/wp-content/uploads/2020/03/avatar-elwen.jpg?resize=200%2C300&amp;ssl=1 200w" sizes="auto, (max-width: 400px) 100vw, 400px" /></figure>
</div>

<p style="text-align: justify;"><strong>Nom :</strong>&nbsp;Duir<br /><strong>Prénom :</strong>&nbsp;Dara<br /><strong>Surnom :</strong>&nbsp;Elwen</p>
<p style="text-align: justify;"><strong>Age :</strong>&nbsp;34 ans mais semble en avoir 25<br /><strong>Race&nbsp;</strong>: humaine ?<br /><strong>Taille :</strong>&nbsp;1 m 70<br /><strong>Poids :</strong> 60 kgs<br /><strong>Cheveux :</strong>&nbsp;extrêmement longs, lisses et noirs<br /><strong>Yeux :</strong>&nbsp;dorés<br /><strong>Corpulence :</strong>&nbsp;élancée<br /><strong>Couleur de peau :</strong>&nbsp;rose pâle</p>
<p style="text-align: justify;"><strong>Signes particuliers :&nbsp;</strong>Son regard d’or et la longueur démesurée de sa chevelure qui devient blanche quand elle utilise de la magie</p>


<div style="height:20px" aria-hidden="true" class="wp-block-spacer"></div>


<p class="Style1" style="text-align: justify;" align="justify"><strong>Apparition : </strong>tome 1 page 19.</p>
<p class="Style1" style="text-align: justify;" align="justify">Elwen semble débarquer d&rsquo;un monde très différent de celui d&rsquo;<a href="https://www.vyrhelle.com/arcea/bonus/lieux/#Ausros">Ausros</a>. Très proche de la nature, peut-être même plus que certains <a href="https://www.vyrhelle.com/arcea/bonus/peuples/sylvains/">elfes sylvains</a>, elle se révèle à la fois perspicace et candide. Comme si son instinct était plus aiguisé que ses connaissances. Venue à la Cité des Mages pour maîtriser un pouvoir magique qui la dépasse, elle s&rsquo;avère presque obnubilée par la recherche de solutions à ce problème. Au point de se tenir à l&rsquo;écart d&rsquo;<a href="https://www.vyrhelle.com/arcea/bonus/personnages/aekina/">Aekina</a>, <a href="https://www.vyrhelle.com/arcea/bonus/personnages/verminaar/">Verminaar</a> et surtout <a href="https://www.vyrhelle.com/arcea/bonus/personnages/jollwin/">Jöllwin</a>, avec lesquels elle s&rsquo;est découverte pourtant rapidement de l&rsquo;affinité. Peut-être un peu trop à l&rsquo;écart au goût du demi-elfe roux.</p>
<p style="text-align: justify;" align="justify">On comprend un peu mieux ce que son passé recèle quand une meute de loups géants vient à son secours et qu&rsquo;elle appelle « Père », le plus gros des loups, dénommé Kern : Elwen est une ancienne enfant sauvage, une jeune-fille louve qui parle la langue des animaux avec aisance, se sent chez elle dans une forêt. Qui ne craint pas d&rsquo;être violente quand il le faut. Mieux, elle s&rsquo;avère être une bonne combattante et pas un simple membre de cette meute de loups à la taille hors norme, mais bien le chef de meute. Et de fait, sa candeur face au monde civilisé donne l&rsquo;impression de disparaître quand elle est dans la nature, dans son domaine.</p>
<p style="text-align: justify;" align="justify">Autre aspect intriguant chez Elwen, elle n&rsquo;utilise jamais son véritable nom. Elle affiche son regard doré sans, à l&rsquo;évidence, savoir ce que cette étrange couleur trahit. Car elle ne sait absolument rien de ses véritables origines. Même <a href="https://www.vyrhelle.com/arcea/bonus/personnages/allart/">Allart</a> en connaît clairement plus qu&rsquo;elle. Sinon pourquoi l&rsquo;aurait-il prise comme apprentie aussi vite ? Pourtant, elle ne donne pas l&rsquo;impression de vouloir en savoir plus. Comme si sa priorité était de régler son problème de pouvoir magique instable pour retourner au plus tôt dans ses bois, avec ses loups. Mais sa destinée semble s&rsquo;orienter, bien malgré elle, vers tout autre chose&#8230;</p>


<p></p>

<p>Nom :&nbsp;DuirPrénom :&nbsp;DaraSurnom :&nbsp;Elwen Age :&nbsp;34 ans mais semble en avoir 25Race&nbsp;: humaine ?Taille :&nbsp;1 m 70Poids : 60 kgsCheveux :&nbsp;extrêmement longs, lisses et noirsYeux :&nbsp;dorésCorpulence :&nbsp;élancéeCouleur de peau :&nbsp;rose pâle Signes particuliers :&nbsp;Son regard d’or et la longueur démesurée de sa chevelure qui devient blanche quand elle utilise de la magie Apparition : tome [&hellip;]</p>
