{"id":520,"date":"2020-03-20T19:59:19","date_gmt":"2020-03-20T18:59:19","guid":{"rendered":"http:\/\/www.vyrhelle.com\/blog\/?page_id=520"},"modified":"2025-11-10T18:18:39","modified_gmt":"2025-11-10T17:18:39","slug":"reveuse","status":"publish","type":"page","link":"https:\/\/www.vyrhelle.com\/arcea\/bonus\/personnages\/reveuse\/","title":{"rendered":"LA R\u00caVEUSE"},"content":{"rendered":"<div class=\"wp-block-image\">\n<figure class=\"alignleft size-full is-resized\"><img data-recalc-dims=\"1\" loading=\"lazy\" decoding=\"async\" width=\"400\" height=\"600\" src=\"https:\/\/i0.wp.com\/www.vyrhelle.com\/arcea\/wp-content\/uploads\/2020\/03\/avatar-reveuse.jpg?resize=400%2C600&#038;ssl=1\" alt=\"\" class=\"wp-image-908\" style=\"width:300px;height:450px\" srcset=\"https:\/\/i0.wp.com\/www.vyrhelle.com\/arcea\/wp-content\/uploads\/2020\/03\/avatar-reveuse.jpg?w=400&amp;ssl=1 400w, https:\/\/i0.wp.com\/www.vyrhelle.com\/arcea\/wp-content\/uploads\/2020\/03\/avatar-reveuse.jpg?resize=200%2C300&amp;ssl=1 200w\" sizes=\"auto, (max-width: 400px) 100vw, 400px\" \/><\/figure>\n<\/div>\n\n<p><strong>Nom :<\/strong>\u00a0inconnu<br \/><strong>Pr\u00e9nom :<\/strong>\u00a0inconnu<br \/><strong>Surnom :<\/strong>\u00a0La R\u00eaveuse<\/p>\n<p><strong>Age :<\/strong>\u00a028 ans<br \/><strong>Race :<\/strong>\u00a0<a href=\"https:\/\/www.vyrhelle.com\/arcea\/bonus\/peuples\/humains\/\">humaine<\/a><br \/><strong>Taille :<\/strong>\u00a01 m 55<br \/><strong>Poids :\u00a0<\/strong>45 kg<br \/><strong>Cheveux :<\/strong> tr\u00e8s longs, noirs et indisciplin\u00e9s<br \/><strong>Yeux :<\/strong>\u00a0noirs<br \/><strong>Corpulence :<\/strong>\u00a0menue<br \/><strong>Couleur de peau :<\/strong>\u00a0rose p\u00e2le<\/p>\n<p><strong>Signes particuliers :\u00a0<\/strong>De longs ongles noirs, une tenue n\u00e9glig\u00e9e et insolite qui souligne le c\u00f4t\u00e9 androgyne de sa morphologie. Elle tient toujours \u00e0 la main, un masque priv\u00e9 de bouche.<\/p>\n\n\n<div style=\"height:20px\" aria-hidden=\"true\" class=\"wp-block-spacer\"><\/div>\n\n\n<p class=\"Style1\" style=\"text-align: justify;\" align=\"justify\"><strong>Apparition : tome 1 page 24<\/strong><\/p>\n<p style=\"text-align: justify;\" align=\"justify\">La R\u00eaveuse est une orpheline qu&rsquo;<a href=\"https:\/\/www.vyrhelle.com\/arcea\/bonus\/dieux\/#Irisanne\">Irisanne<\/a> a choisie pour \u00eatre son m\u00e9dium. Simple d&rsquo;esprit, elle aurait certainement fini comme mendiante dans une rue malfam\u00e9e dans n&rsquo;importe quelle autre ville humaine. Mais la R\u00eaveuse s&rsquo;est retrouv\u00e9e d\u00e8s son plus jeune \u00e2ge comme la personne la plus importante du grand temple d&rsquo;<a href=\"https:\/\/www.vyrhelle.com\/arcea\/bonus\/lieux\/#Ausros\">Ausros<\/a>. Respect\u00e9e et v\u00e9n\u00e9r\u00e9e comme une personne sainte, elle a re\u00e7u tous les soins et les attentions dues \u00e0 sa position.<\/p>\n<p style=\"text-align: justify;\" align=\"justify\">Son aspect particulier, qui semble n\u00e9glig\u00e9, n&rsquo;est d\u00fb qu&rsquo;\u00e0 sa mani\u00e8re d&rsquo;\u00eatre, pas toujours tr\u00e8s facile \u00e0 g\u00e9rer pour les pr\u00eatres et pr\u00eatresses qui veillent sur elle. Elle d\u00e9chire ses v\u00eatements en se trainant aussi bien au sol qu&rsquo;en grimpant sur les sculptures et roches du c\u0153ur du temple. Quant \u00e0 ses cheveux, il est difficile de croire qu&rsquo;elle est coiff\u00e9e chaque matin\u2026<\/p>\n<p style=\"text-align: justify;\" align=\"justify\">Son bien le plus pr\u00e9cieux reste le masque de terre cuite peinte qu&rsquo;elle a toujours en main. C&rsquo;est cet objet qui est le v\u00e9ritable lien entre la jeune femme et la d\u00e9esse supr\u00eame, objet au travers duquel Irisanne s&rsquo;exprime par une sorte de t\u00e9l\u00e9pathie. La voix de la R\u00eaveuse en est l\u00e9g\u00e8rement diff\u00e9rente quand elle parle \u00e0 travers ce masque puisque ce n&rsquo;est pas vraiment elle qui s&rsquo;exprime.<\/p>\n<p style=\"text-align: justify;\">Isol\u00e9e par son r\u00f4le et par son esprit limit\u00e9, la R\u00eaveuse n&rsquo;a r\u00e9ellement d&rsquo;attache qu&rsquo;avec <a href=\"https:\/\/www.vyrhelle.com\/arcea\/bonus\/personnages\/ikyse\/\">Ikyse<\/a>. Leur affiliation commune \u00e0 Irisanne n&rsquo;y est certainement pas \u00e9trang\u00e8re, le dragon \u00e9tant le seul \u00e0 r\u00e9ellement ressentir ce qu&rsquo;est la R\u00eaveuse. Mais ils ont \u00e9galement une grande affection l&rsquo;un pour l&rsquo;autre.<\/p>\n<p style=\"text-align: justify;\">Il y a une autre personne avec laquelle la R\u00eaveuse s&rsquo;entend bien : <a href=\"https:\/\/www.vyrhelle.com\/arcea\/bonus\/personnages\/allart\/\">Allart<\/a>. L&rsquo;archimage venant r\u00e9guli\u00e8rement entendre les directives et les pr\u00e9dictions d&rsquo;Irisanne, le vieil homme a rapidement d\u00e9velopp\u00e9 beaucoup de tendresse pour cette enfant.<\/p>","protected":false},"excerpt":{"rendered":"<p>Nom :\u00a0inconnuPr\u00e9nom :\u00a0inconnuSurnom :\u00a0La R\u00eaveuse Age :\u00a028 ansRace :\u00a0humaineTaille :\u00a01 m 55Poids :\u00a045 kgCheveux : tr\u00e8s longs, noirs et indisciplin\u00e9sYeux :\u00a0noirsCorpulence :\u00a0menueCouleur de peau :\u00a0rose p\u00e2le Signes particuliers :\u00a0De longs ongles noirs, une tenue n\u00e9glig\u00e9e et insolite qui souligne le c\u00f4t\u00e9 androgyne de sa morphologie. Elle tient toujours \u00e0 la main, un masque priv\u00e9 de [&hellip;]<\/p>\n","protected":false},"author":1,"featured_media":0,"parent":35,"menu_order":14,"comment_status":"closed","ping_status":"closed","template":"template-fullwidth.php","meta":{"jetpack_post_was_ever_published":false,"footnotes":""},"class_list":["post-520","page","type-page","status-publish","hentry","post-preview"],"jetpack_sharing_enabled":true,"jetpack_likes_enabled":false,"_links":{"self":[{"href":"https:\/\/www.vyrhelle.com\/arcea\/wp-json\/wp\/v2\/pages\/520","targetHints":{"allow":["GET"]}}],"collection":[{"href":"https:\/\/www.vyrhelle.com\/arcea\/wp-json\/wp\/v2\/pages"}],"about":[{"href":"https:\/\/www.vyrhelle.com\/arcea\/wp-json\/wp\/v2\/types\/page"}],"author":[{"embeddable":true,"href":"https:\/\/www.vyrhelle.com\/arcea\/wp-json\/wp\/v2\/users\/1"}],"replies":[{"embeddable":true,"href":"https:\/\/www.vyrhelle.com\/arcea\/wp-json\/wp\/v2\/comments?post=520"}],"version-history":[{"count":11,"href":"https:\/\/www.vyrhelle.com\/arcea\/wp-json\/wp\/v2\/pages\/520\/revisions"}],"predecessor-version":[{"id":3217,"href":"https:\/\/www.vyrhelle.com\/arcea\/wp-json\/wp\/v2\/pages\/520\/revisions\/3217"}],"up":[{"embeddable":true,"href":"https:\/\/www.vyrhelle.com\/arcea\/wp-json\/wp\/v2\/pages\/35"}],"wp:attachment":[{"href":"https:\/\/www.vyrhelle.com\/arcea\/wp-json\/wp\/v2\/media?parent=520"}],"curies":[{"name":"wp","href":"https:\/\/api.w.org\/{rel}","templated":true}]}}