{"id":768,"date":"2020-03-26T16:39:07","date_gmt":"2020-03-26T15:39:07","guid":{"rendered":"http:\/\/www.vyrhelle.com\/blog\/?page_id=768"},"modified":"2025-11-10T18:18:39","modified_gmt":"2025-11-10T17:18:39","slug":"elrohir","status":"publish","type":"page","link":"https:\/\/www.vyrhelle.com\/arcea\/bonus\/personnages\/elrohir\/","title":{"rendered":"ELROHIR, le Loup Albinos"},"content":{"rendered":"<div class=\"wp-block-image\">\n<figure class=\"alignleft size-full is-resized\"><img data-recalc-dims=\"1\" loading=\"lazy\" decoding=\"async\" width=\"400\" height=\"600\" src=\"https:\/\/i0.wp.com\/www.vyrhelle.com\/arcea\/wp-content\/uploads\/2020\/04\/avatar-elrohir.jpg?resize=400%2C600&#038;ssl=1\" alt=\"\" class=\"wp-image-1607\" style=\"width:300px;height:450px\" srcset=\"https:\/\/i0.wp.com\/www.vyrhelle.com\/arcea\/wp-content\/uploads\/2020\/04\/avatar-elrohir.jpg?w=400&amp;ssl=1 400w, https:\/\/i0.wp.com\/www.vyrhelle.com\/arcea\/wp-content\/uploads\/2020\/04\/avatar-elrohir.jpg?resize=200%2C300&amp;ssl=1 200w, https:\/\/i0.wp.com\/www.vyrhelle.com\/arcea\/wp-content\/uploads\/2020\/04\/avatar-elrohir.jpg?resize=167%2C250&amp;ssl=1 167w\" sizes=\"auto, (max-width: 400px) 100vw, 400px\" \/><\/figure>\n<\/div>\n\n<p style=\"text-align: justify;\"><strong>Nom :<\/strong> Dorth&rsquo;orion<br \/><strong>Pr\u00e9nom :<\/strong> Elrohir<br \/><strong>Surnom : <\/strong>Elro<\/p>\n<p style=\"text-align: justify;\"><strong>Age :<\/strong> 108 ans<br \/><strong>Race\u00a0<\/strong>: <a href=\"https:\/\/www.vyrhelle.com\/arcea\/bonus\/lieux\/#Ausros\">elfe sylvain<\/a><br \/><strong>Taille :<\/strong> 1m90<br \/><strong>Poids :<\/strong> 82 kg<br \/><strong>Cheveux :<\/strong> longs et blancs<br \/><strong>Yeux :<\/strong> bleu tr\u00e8s p\u00e2le<br \/><strong>Corpulence :<\/strong> \u00e9lanc\u00e9<br \/><strong>Couleur de peau :<\/strong> p\u00e2le, presque blanche<\/p>\n<p style=\"text-align: justify;\"><strong>Signes particuliers : <\/strong>il est albinos. Il porte une cicatrice sur l&rsquo;avant-bras gauche, laiss\u00e9e par les crocs d&rsquo;un loup.<\/p>\n\n\n<div style=\"height:20px\" aria-hidden=\"true\" class=\"wp-block-spacer\"><\/div>\n\n\n<p style=\"text-align: justify;\">Mal vu dans son village sylvain \u00e0 cause de son apparence albinos, y compris par son propre p\u00e8re qui restait persuad\u00e9 qu&rsquo;il \u00e9tait un enfant ill\u00e9gitime, Elrohir apprit tr\u00e8s t\u00f4t \u00e0 vivre \u00e0 l&rsquo;\u00e9cart des autres. Au point de pr\u00e9f\u00e9rer la compagnie des loups \u00e0 celle de son propre peuple. Il avait d\u00e9j\u00e0 presque un si\u00e8cle d&rsquo;existence quand le druide de son village le prit en apprenti, le liant plus encore aux loups en lui permettant, par la magie druidique, de d\u00e9sormais prendre leur apparence \u00e0 volont\u00e9. H\u00e9las, la mort de son ma\u00eetre laissa sa formation inachev\u00e9e et Elrohir se renferma un peu plus, ne s&rsquo;approchant plus du village que pour remplir ses fonctions d&rsquo;\u00e9claireur, aid\u00e9 par ses intimidants familiers. Ce n&rsquo;est qu&rsquo;apr\u00e8s plusieurs ann\u00e9es qu&rsquo;il se d\u00e9cida \u00e0 quitter ce lieu o\u00f9 il ne se sentait pas bienvenu et rejoignit la cit\u00e9 <a href=\"https:\/\/www.vyrhelle.com\/arcea\/bonus\/lieux\/#Ausros\">d&rsquo;Ausros<\/a>, o\u00f9 il esp\u00e9rait pouvoir terminer sa formation et enfin devenir druide.<br \/>Il y trouva de l&rsquo;aide et passa trois ann\u00e9es aupr\u00e8s des mages de la Tour Blanche. \u00c0 d\u00e9faut d&rsquo;un vrai druide pour le former, il eut acc\u00e8s \u00e0 un monde d&rsquo;\u00e9rudits \u00e0 l&rsquo;esprit ouvert. Tout en ayant l&rsquo;agr\u00e9able surprise de d\u00e9couvrir que les loups vivaient en libert\u00e9 et en bonne entente dans toute la ville. Commen\u00e7ant \u00e0 se sentir \u00e0 sa place, il s&rsquo;investit r\u00e9ellement dans la vie de la Tour Blanche au point de commencer s&rsquo;attirer la sympathie de l&rsquo;Oracle.<\/p>","protected":false},"excerpt":{"rendered":"<p>Nom : Dorth&rsquo;orionPr\u00e9nom : ElrohirSurnom : Elro Age : 108 ansRace\u00a0: elfe sylvainTaille : 1m90Poids : 82 kgCheveux : longs et blancsYeux : bleu tr\u00e8s p\u00e2leCorpulence : \u00e9lanc\u00e9Couleur de peau : p\u00e2le, presque blanche Signes particuliers : il est albinos. Il porte une cicatrice sur l&rsquo;avant-bras gauche, laiss\u00e9e par les crocs d&rsquo;un loup. Mal vu [&hellip;]<\/p>\n","protected":false},"author":1,"featured_media":0,"parent":35,"menu_order":37,"comment_status":"closed","ping_status":"closed","template":"template-fullwidth.php","meta":{"jetpack_post_was_ever_published":false,"footnotes":""},"class_list":["post-768","page","type-page","status-publish","hentry","post-preview"],"jetpack_sharing_enabled":true,"jetpack_likes_enabled":false,"_links":{"self":[{"href":"https:\/\/www.vyrhelle.com\/arcea\/wp-json\/wp\/v2\/pages\/768","targetHints":{"allow":["GET"]}}],"collection":[{"href":"https:\/\/www.vyrhelle.com\/arcea\/wp-json\/wp\/v2\/pages"}],"about":[{"href":"https:\/\/www.vyrhelle.com\/arcea\/wp-json\/wp\/v2\/types\/page"}],"author":[{"embeddable":true,"href":"https:\/\/www.vyrhelle.com\/arcea\/wp-json\/wp\/v2\/users\/1"}],"replies":[{"embeddable":true,"href":"https:\/\/www.vyrhelle.com\/arcea\/wp-json\/wp\/v2\/comments?post=768"}],"version-history":[{"count":15,"href":"https:\/\/www.vyrhelle.com\/arcea\/wp-json\/wp\/v2\/pages\/768\/revisions"}],"predecessor-version":[{"id":3246,"href":"https:\/\/www.vyrhelle.com\/arcea\/wp-json\/wp\/v2\/pages\/768\/revisions\/3246"}],"up":[{"embeddable":true,"href":"https:\/\/www.vyrhelle.com\/arcea\/wp-json\/wp\/v2\/pages\/35"}],"wp:attachment":[{"href":"https:\/\/www.vyrhelle.com\/arcea\/wp-json\/wp\/v2\/media?parent=768"}],"curies":[{"name":"wp","href":"https:\/\/api.w.org\/{rel}","templated":true}]}}